2). Suppose -8*k + 12*k - 52 = v. What are the prime factors of k?
13
Suppose -a = 4*o + o - 245, -4*o + 210 = -2*a. Let r be -2*o*3/(-3). Let p = -69 + r. What are the prime factors of p?
31
Suppose -4*y - 10 = -5*f - 7*y, -2*f - 5 = 3*y. Suppose -2*b = 5*g - 10, 6*b = 3*b - f*g + 15. Let u = 20 - b. What are the prime factors of u?
3, 5
Suppose -20*b + 24*b = 72. Suppose -13*y = -b*y + 200. What are the prime factors of y?
2, 5
Let r = 4 + 225. List the prime factors of r.
229
Let w = -68 - -77. Let y(x) be the third derivative of x**5/60 - 7*x**4/24 - 5*x**3/6 + x**2. What are the prime factors of y(w)?
13
Let u(h) = 8*h + 2. Let b be (-1)/(2/4) - -6. What are the prime factors of u(b)?
2, 17
Suppose 0*b = 3*b - 4050. What are the prime factors of b?
2, 3, 5
Suppose 0 = -9*j + 14*j. Suppose 4*c = j, -3*c - c = 5*i - 30. What are the prime factors of (-3)/(-2)*68/i?
17
Let a(o) be the first derivative of -o**3/3 - 8*o**2 - o + 5. List the prime factors of a(-11).
2, 3
Suppose -4*u + 841 = -295. What are the prime factors of u?
2, 71
Let r(x) = x**2 - 10*x + 7. Let v be r(13). Let y = 69 - v. List the prime factors of y.
23
Let z(s) be the first derivative of -3*s**2/2 + s + 47. List the prime factors of z(-13).
2, 5
Let g = -677 + 1091. List the prime factors of g.
2, 3, 23
Let m(s) = -20*s + 82. What are the prime factors of m(-4)?
2, 3
What are the prime factors of ((-6)/(-8))/((-208)/(-862784))?
3, 17, 61
Let a be ((-3)/(-5))/(2 - 9/5). What are the prime factors of ((-4)/4 - a) + 244?
2, 3, 5
Let b = 1390 - 966. What are the prime factors of b?
2, 53
Suppose 3*w + 300 = t, 0 = 36*t - 38*t + 4*w + 610. What are the prime factors of t?
3, 5, 7
Let c = -6 - -16. What are the prime factors of (2 - (-12)/8)*c?
5, 7
Let x = -29 + 31. Suppose 260 = x*y + 3*y. What are the prime factors of y?
2, 13
Suppose 4*l - 4 = -144. Let r be (-4 + 52/10)*l. Let c = 86 + r. What are the prime factors of c?
2, 11
Let n(y) = -3*y - 4. Let d be (-133)/(-49) + (-4)/(-14). Suppose -5*v + 2*a = -0*v + 21, -d*v + 5*a - 24 = 0. What are the prime factors of n(v)?
5
Let p be (-46)/11 + 8/44. Let w(c) = c**3 + 3*c**2 - 4*c + 5. Let h be w(p). Suppose -88 + 3 = -h*d. List the prime factors of d.
17
Suppose 3*c = -0*c + 6690. Suppose 0 = 3*i - 340 + c. List the prime factors of 4*1 + i/(-14).
7
Suppose -5 = -5*b + 5. Suppose -b*g + 20 = -7*g, 2*g = x - 53. What are the prime factors of x?
3, 5
Let b be -2 - 4/((-12)/39). Let z = b + 1. Suppose 4*j = 116 + z. List the prime factors of j.
2
Suppose -5*n + 5*k + 121 = -439, 2*k = 0. What are the prime factors of n?
2, 7
Let i = -5 + 679. List the prime factors of i.
2, 337
Let k(c) = 18*c - 1. Let u(j) = -18*j. Let l(w) = 5*k(w) + 6*u(w). Let b be l(-9). Suppose -b = -5*q - 4*m, -5*q = m - 80 - 68. List the prime factors of q.
29
Let n = -2279 + 4189. List the prime factors of n.
2, 5, 191
Let t(p) = 4 - p - 2*p + p**2 + p. Let f be t(-6). Suppose 7*g - f = 3*g. What are the prime factors of g?
13
Suppose -2*i - 2*m + 16 = 0, i + 0*i + 2 = m. Let y(n) = -n**i + 8 - 4*n - n**2 - 3*n**2 - 9 + 4. What are the prime factors of y(-4)?
19
Let b be (-800)/(-19) + 10/(-95). Let g be 2 + 10 + 1 - 1. Suppose -3*x = g - b. What are the prime factors of x?
2, 5
Let r be (-4)/18 + (-7834)/(-18). Suppose -r = -2*v + 9. List the prime factors of v.
2, 3, 37
Suppose 13*g + 19*g = 27328. List the prime factors of g.
2, 7, 61
Suppose -3*j + 1647 = 3*u, -5*u + j = 56 - 2795. Suppose -d = 4*t - 157, -3*d + 4*t = d - u. List the prime factors of d.
3, 47
Suppose q - 4*s - 1 = 7, -2*q - 4 = 2*s. Suppose q = -0*g - g + 146. List the prime factors of g.
2, 73
Suppose -4*y + 967 = 4*n - 189, -2*y - 594 = -2*n. What are the prime factors of n?
293
Let h be 5/((-25)/15) - -4. Let b(k) = 10*k**2 - k. List the prime factors of b(h).
3
Suppose 5*k = 0, 4*k = -0*v - 4*v + 636. Suppose 97 + 72 = o - q, 4*q = -o + v. What are the prime factors of o?
167
Suppose 4*z + z = 5*l - 115, -3*z + l - 65 = 0. Let w = z + 29. What are the prime factors of w?
2
Suppose -f + 15 = -6*f. List the prime factors of f/(-2) + 196/8.
2, 13
Suppose 3*b + 2*k = 4093, 5*b - 10*b + 3*k + 6828 = 0. What are the prime factors of b?
3, 5, 7, 13
List the prime factors of 1*((-200)/6)/((-4)/6).
2, 5
Let i = -32 - -15. Let a(y) = y**3 + 16*y**2 - 20*y + 8. List the prime factors of a(i).
59
Suppose 0 = 7*b - 2*b - 25. Suppose 10 = 4*f + c, 2*f + b*c = -2*f + 18. Suppose -f*w + 48 = 6. What are the prime factors of w?
3, 7
Let l = -383 + 512. List the prime factors of l.
3, 43
Suppose -2*v = -39 + 9. What are the prime factors of v?
3, 5
Suppose -8*a = -5*a - 6. Suppose -a*n = n + 9. What are the prime factors of n + (-2 - -3*16)?
43
Suppose 163 = 4*m - 5. Let s(a) = a**3 - a**2 - 3*a - 5. Let u be s(3). Suppose -u*h + 298 = m. List the prime factors of h.
2
Let z(f) = 12*f**3 + f**2 - 2*f - 2. Let q be z(-1). Let j = q - -13. Let w(t) = 2*t**3 + t. What are the prime factors of w(j)?
2, 3
Let k = -231 + 714. List the prime factors of k.
3, 7, 23
Let p(k) be the third derivative of 1/6*k**3 + 0 + 0*k + 6*k**2 - 1/12*k**4. List the prime factors of p(-4).
3
Let y be (20/(-8))/(1/(-2)). Suppose -59 = -y*m + 51. Let g = 19 + m. What are the prime factors of g?
41
Let f(y) = 8*y + 28*y**2 - 14 - 29*y**2 + 4. Let r be f(4). Let k(v) = -v**3 + 5*v**2 + 7*v + 2. What are the prime factors of k(r)?
2
Let p(j) = j**3 + 13*j**2 + 9*j - 14. Suppose -2*s + 9 = s. Suppose 33 = -2*f + s*k, 3*k + 2*k = 2*f + 39. What are the prime factors of p(f)?
2, 11
List the prime factors of (1 + 6)/((-7)/(-2086)).
2, 7, 149
Suppose 2*l + 0 = -z + 2, -2 = -2*l. Suppose 240 = 2*h - z*h. Suppose 0*p - h = -5*p. What are the prime factors of p?
2, 3
Let n(m) = 168*m - 185. What are the prime factors of n(11)?
1663
Let l(q) = q - 6*q**2 + 7*q**2 + 3*q**3 - 3*q**2. List the prime factors of l(1).
2
Suppose 8*c - 4249 = -1537. What are the prime factors of c?
3, 113
Let b(k) be the second derivative of -k**5/20 - 2*k**4/3 - k**3 + 7*k**2/2 - 2*k. Let f be b(-7). Suppose f = 5*i + 17 - 197. List the prime factors of i.
2, 3
Let g(t) = -t**3 - 6*t**2 + 45*t + 2. What are the prime factors of g(-11)?
2, 7
Suppose l + 62 - 8 = 4*s, 3*l - 59 = -5*s. Suppose -3*r + f = -22, 2*r - 5 = 4*f + s. What are the prime factors of r?
7
Let g = 50 + 78. What are the prime factors of g?
2
Suppose -31*g + 18236 = 2457. List the prime factors of g.
509
What are the prime factors of 1208 - 4 - -5*(-18)/(-15)?
2, 5, 11
Let s = 216 - -264. List the prime factors of s.
2, 3, 5
Suppose 0 = 4*i - i - 378. Suppose -51 = -0*d - 2*d - c, 2*c = -5*d + i. List the prime factors of d.
2, 3
Let i = 14 + -6. Let a(o) = -6 + 8 - 7 - 6*o - i. What are the prime factors of a(-9)?
41
Let g(l) = -8*l**2. Let a be g(1). Let w(r) = -14*r - 15. What are the prime factors of w(a)?
97
Suppose y - 104 - 495 = 0. Let a be y/5 - (-11)/55. Suppose 5*i - a = -0*i. What are the prime factors of i?
2, 3
Let z = 31 - 3. Let b = 41 - z. List the prime factors of b.
13
Let w(f) = 44*f**2 - 2*f + 76. What are the prime factors of w(6)?
2, 103
Let y = 12 + -9. Let n(q) = 5*q + 2 - 9 + 2*q + 11*q. What are the prime factors of n(y)?
47
Suppose 2*m - 5*j - 1384 = 170, -4*m = j - 3108. List the prime factors of m.
3, 7, 37
Let v(f) = -f**3 - f**2 + 3*f. Let h be v(-2). List the prime factors of 7/(((-10)/h)/5).
7
Let m be ((-3)/2)/(6/248). Let q = m + 105. List the prime factors of q.
43
Let u = 261 + -253. Suppose 2*o + 0*o - 226 = 4*r, -392 = -4*o - 4*r. List the prime factors of o/7 - u/(-28).
3, 5
Let c = -9 - -11. Let h(r) = 8 - 8 + 12 + c*r - 3*r. What are the prime factors of h(-5)?
17
Suppose 16*p - 9*p - 1085 = 0. What are the prime factors of 8 + -3 + -7 + p?
3, 17
Suppose 4*y - 2*y = 280. Suppose 0 = 7*t - y - 21. Suppose 130 = 3*m - t. What are the prime factors of m?
3, 17
Suppose 2290 = 4*t + 12*r - 13*r, -3*r = -4*t + 2286. List the prime factors of t.
3, 191
Let i be (-481)/(-4) + (-1)/4. Let m = i - 48. What are the prime factors of m?
2, 3
Let v be 1 + (-2)/(4/(-58)). Suppose 3*b - 2*t - 4 - v = 0, 2*b - 10 = -5*t. List the prime factors of b.
2, 5
Let b = -22 - -26. Suppose -2*c - f + 124 = -3*f, b*f = -5*c + 337. What are the prime factors of c?
5, 